{"id":3369,"date":"2021-08-14T10:48:53","date_gmt":"2021-08-14T10:48:53","guid":{"rendered":"https:\/\/imker-stadt-kassel.de\/?page_id=3369"},"modified":"2021-08-14T16:55:01","modified_gmt":"2021-08-14T16:55:01","slug":"der-verein","status":"publish","type":"page","link":"https:\/\/imker-stadt-kassel.de\/?page_id=3369","title":{"rendered":"Der Verein"},"content":{"rendered":"\t\t<div data-elementor-type=\"wp-page\" data-elementor-id=\"3369\" class=\"elementor elementor-3369\">\n\t\t\t\t\t\t<div class=\"elementor-inner\">\n\t\t\t\t<div class=\"elementor-section-wrap\">\n\t\t\t\t\t\t\t\t\t<section class=\"elementor-section elementor-top-section elementor-element elementor-element-5621edc7 elementor-section-height-min-height elementor-section-items-stretch elementor-section-content-middle elementor-section-boxed elementor-section-height-default\" data-id=\"5621edc7\" data-element_type=\"section\" data-settings=\"{&quot;background_background&quot;:&quot;classic&quot;}\">\n\t\t\t\t\t\t<div class=\"elementor-container elementor-column-gap-no\">\n\t\t\t\t\t\t\t<div class=\"elementor-row\">\n\t\t\t\t\t<div class=\"elementor-column elementor-col-100 elementor-top-column elementor-element elementor-element-2d44d06\" data-id=\"2d44d06\" data-element_type=\"column\">\n\t\t\t<div class=\"elementor-column-wrap elementor-element-populated\">\n\t\t\t\t\t\t\t<div class=\"elementor-widget-wrap\">\n\t\t\t\t\t\t<div class=\"elementor-element elementor-element-39fc5e5 elementor-widget elementor-widget-image\" data-id=\"39fc5e5\" data-element_type=\"widget\" data-settings=\"{&quot;motion_fx_motion_fx_scrolling&quot;:&quot;yes&quot;,&quot;motion_fx_translateY_effect&quot;:&quot;yes&quot;,&quot;motion_fx_translateY_speed&quot;:{&quot;unit&quot;:&quot;px&quot;,&quot;size&quot;:5,&quot;sizes&quot;:[]},&quot;motion_fx_translateY_affectedRange&quot;:{&quot;unit&quot;:&quot;%&quot;,&quot;size&quot;:&quot;&quot;,&quot;sizes&quot;:{&quot;start&quot;:0,&quot;end&quot;:100}},&quot;motion_fx_devices&quot;:[&quot;desktop&quot;,&quot;tablet&quot;,&quot;mobile&quot;]}\" data-widget_type=\"image.default\">\n\t\t\t\t<div class=\"elementor-widget-container\">\n\t\t\t\t\t\t\t\t<div class=\"elementor-image\">\n\t\t\t\t\t\t\t\t\t\t\t\t<img src=\"https:\/\/imker-stadt-kassel.de\/wp-content\/uploads\/elementor\/thumbs\/pexels-skyler-ewing-4592947-scaled-pblngrdtmforci3qgdbusfthygflz0hlsnkcxigj88.jpg\" title=\"Bienen-Kassel-Wasser\" alt=\"Bienen-Kassel-Wasser\" loading=\"lazy\" \/>\t\t\t\t\t\t\t\t\t\t\t\t\t\t<\/div>\n\t\t\t\t\t\t<\/div>\n\t\t\t\t<\/div>\n\t\t\t\t\t\t<\/div>\n\t\t\t\t\t<\/div>\n\t\t<\/div>\n\t\t\t\t\t\t\t\t<\/div>\n\t\t\t\t\t<\/div>\n\t\t<\/section>\n\t\t\t\t<section class=\"elementor-section elementor-top-section elementor-element elementor-element-09b9440 elementor-section-height-min-height elementor-section-items-stretch elementor-section-content-middle elementor-section-boxed elementor-section-height-default\" data-id=\"09b9440\" data-element_type=\"section\" data-settings=\"{&quot;background_background&quot;:&quot;classic&quot;}\">\n\t\t\t\t\t\t<div class=\"elementor-container elementor-column-gap-no\">\n\t\t\t\t\t\t\t<div class=\"elementor-row\">\n\t\t\t\t\t<div class=\"elementor-column elementor-col-50 elementor-top-column elementor-element elementor-element-04a21ef\" data-id=\"04a21ef\" data-element_type=\"column\" data-settings=\"{&quot;background_background&quot;:&quot;classic&quot;}\">\n\t\t\t<div class=\"elementor-column-wrap elementor-element-populated\">\n\t\t\t\t\t\t\t<div class=\"elementor-widget-wrap\">\n\t\t\t\t\t\t<div class=\"elementor-element elementor-element-5ad4d0a elementor-widget elementor-widget-image\" data-id=\"5ad4d0a\" data-element_type=\"widget\" data-widget_type=\"image.default\">\n\t\t\t\t<div class=\"elementor-widget-container\">\n\t\t\t\t\t\t\t\t<div class=\"elementor-image\">\n\t\t\t\t\t\t\t\t\t\t\t\t<img width=\"630\" height=\"235\" src=\"https:\/\/imker-stadt-kassel.de\/wp-content\/uploads\/2021\/08\/logo_da5b3012e79bd53e105db4e3f64e5200_3x.png\" class=\"attachment-large size-large wp-image-1617\" alt=\"\" srcset=\"https:\/\/imker-stadt-kassel.de\/wp-content\/uploads\/2021\/08\/logo_da5b3012e79bd53e105db4e3f64e5200_3x.png 630w, https:\/\/imker-stadt-kassel.de\/wp-content\/uploads\/2021\/08\/logo_da5b3012e79bd53e105db4e3f64e5200_3x-300x112.png 300w\" sizes=\"(max-width: 630px) 100vw, 630px\" \/>\t\t\t\t\t\t\t\t\t\t\t\t\t\t<\/div>\n\t\t\t\t\t\t<\/div>\n\t\t\t\t<\/div>\n\t\t\t\t\t\t<\/div>\n\t\t\t\t\t<\/div>\n\t\t<\/div>\n\t\t\t\t<div class=\"elementor-column elementor-col-50 elementor-top-column elementor-element elementor-element-a6f39df\" data-id=\"a6f39df\" data-element_type=\"column\" data-settings=\"{&quot;background_background&quot;:&quot;none&quot;}\">\n\t\t\t<div class=\"elementor-column-wrap elementor-element-populated\">\n\t\t\t\t\t\t\t<div class=\"elementor-widget-wrap\">\n\t\t\t\t\t\t<div class=\"elementor-element elementor-element-2c0f69a elementor-widget elementor-widget-heading\" data-id=\"2c0f69a\" data-element_type=\"widget\" data-widget_type=\"heading.default\">\n\t\t\t\t<div class=\"elementor-widget-container\">\n\t\t\t<h2 class=\"elementor-heading-title elementor-size-default\">Der Verein<\/h2>\t\t<\/div>\n\t\t\t\t<\/div>\n\t\t\t\t<div class=\"elementor-element elementor-element-2273335 elementor-widget-divider--view-line elementor-widget elementor-widget-divider\" data-id=\"2273335\" data-element_type=\"widget\" data-widget_type=\"divider.default\">\n\t\t\t\t<div class=\"elementor-widget-container\">\n\t\t\t\t\t<div class=\"elementor-divider\">\n\t\t\t<span class=\"elementor-divider-separator\">\n\t\t\t\t\t\t<\/span>\n\t\t<\/div>\n\t\t\t\t<\/div>\n\t\t\t\t<\/div>\n\t\t\t\t<div class=\"elementor-element elementor-element-7fdf92e elementor-widget elementor-widget-text-editor\" data-id=\"7fdf92e\" data-element_type=\"widget\" data-widget_type=\"text-editor.default\">\n\t\t\t\t<div class=\"elementor-widget-container\">\n\t\t\t\t\t\t\t\t<div class=\"elementor-text-editor elementor-clearfix\">\n\t\t\t\t<p style=\"text-align: center;\">ZWECK DES IMKERVEREINS IST, DIE BIENENHALTUNG ZU F\u00d6RDERN UND ZU VERBREITEN, DAMIT DURCH DIE BEST\u00c4UBUNGST\u00c4TIGKEIT DER HONIGBIENE AN WILD- UND KULTURPFLANZEN EINE ARTENREICHE NATUR ERHALTEN BLEIBT.<\/p>\t\t\t\t\t<\/div>\n\t\t\t\t\t\t<\/div>\n\t\t\t\t<\/div>\n\t\t\t\t<div class=\"elementor-element elementor-element-1ba6ee8 elementor-widget elementor-widget-text-editor\" data-id=\"1ba6ee8\" data-element_type=\"widget\" data-widget_type=\"text-editor.default\">\n\t\t\t\t<div class=\"elementor-widget-container\">\n\t\t\t\t\t\t\t\t<div class=\"elementor-text-editor elementor-clearfix\">\n\t\t\t\t<p style=\"text-align: left;\"><span style=\"font-family: Montserrat, sans-serif; text-align: start;\">So steht es seit der Gr\u00fcndung des Kasseler Imkervereins vor rund 150 Jahren in der Satzung, und daran hat sich bis heute wenig ver\u00e4ndert.<\/span><\/p>\t\t\t\t\t<\/div>\n\t\t\t\t\t\t<\/div>\n\t\t\t\t<\/div>\n\t\t\t\t\t\t<\/div>\n\t\t\t\t\t<\/div>\n\t\t<\/div>\n\t\t\t\t\t\t\t\t<\/div>\n\t\t\t\t\t<\/div>\n\t\t<\/section>\n\t\t\t\t<section class=\"elementor-section elementor-top-section elementor-element elementor-element-4b4645b5 elementor-section-boxed elementor-section-height-default elementor-section-height-default\" data-id=\"4b4645b5\" data-element_type=\"section\" data-settings=\"{&quot;background_background&quot;:&quot;classic&quot;}\">\n\t\t\t\t\t\t<div class=\"elementor-container elementor-column-gap-thegem\">\n\t\t\t\t\t\t\t<div class=\"elementor-row\">\n\t\t\t\t\t<div class=\"elementor-column elementor-col-50 elementor-top-column elementor-element elementor-element-50bbe6c9\" data-id=\"50bbe6c9\" data-element_type=\"column\">\n\t\t\t<div class=\"elementor-column-wrap elementor-element-populated\">\n\t\t\t\t\t\t\t<div class=\"elementor-widget-wrap\">\n\t\t\t\t\t\t<div class=\"elementor-element elementor-element-1d95afad elementor-widget elementor-widget-text-editor\" data-id=\"1d95afad\" data-element_type=\"widget\" data-widget_type=\"text-editor.default\">\n\t\t\t\t<div class=\"elementor-widget-container\">\n\t\t\t\t\t\t\t\t<div class=\"elementor-text-editor elementor-clearfix\">\n\t\t\t\t<p><br><\/p>\n<p>Das Netzwerk der Imker unserer Region bietet dem einzelnen viele Vorteile, die nicht nur ihm, sondern auch seinen Bienen zu Gute kommen.&nbsp;Ein&nbsp;st\u00e4ndiger Erfahrungsaustausch und die M\u00f6glichkeit der Weiterbildung der Mitglieder durch lokale Fachvortr\u00e4ge sowie die Schulung und Begleitung von Einsteigern sind die Hauptaufgabe des Vereins.<\/p>\n<p>Im Imkerverein organisierte Imker werden gleichzeitig Mitglied im Landesverband und genie\u00dfen somit einen besonderen Versicherungsschutz.&nbsp;<\/p>\n<p>Ehrenamtlich verwaltet und gef\u00fchrt wird der Verein von einem auf zwei Jahre gew\u00e4hlten Vorstand. Unabh\u00e4ngig von Vorstandsposten bieten sich zahlreiche M\u00f6glichkeiten der Mitarbeit und Mitgestaltung zu Gunsten der Gemeinschaft. Ein Verein ist nur so stark, wie die Tatkraft seiner Mitglieder&#8230;<\/p>\n<p>Derzeit z\u00e4hlt der Kasseler Imkerverein&nbsp;rund&nbsp;<strong>350 Mitglieder<\/strong>. Er ist damit der gr\u00f6\u00dfte in Hessen. Zusammen betreuen&nbsp;sie&nbsp;&nbsp;<strong>1600 Bienenv\u00f6lker<\/strong>. Die Rasse und das Beutensystem spielen in unserem Verein eine weit untergeordnete Rolle.&nbsp;<\/p>\t\t\t\t\t<\/div>\n\t\t\t\t\t\t<\/div>\n\t\t\t\t<\/div>\n\t\t\t\t\t\t<\/div>\n\t\t\t\t\t<\/div>\n\t\t<\/div>\n\t\t\t\t<div class=\"elementor-column elementor-col-50 elementor-top-column elementor-element elementor-element-cc7c4ef\" data-id=\"cc7c4ef\" data-element_type=\"column\">\n\t\t\t<div class=\"elementor-column-wrap elementor-element-populated\">\n\t\t\t\t\t\t\t<div class=\"elementor-widget-wrap\">\n\t\t\t\t\t\t<div class=\"elementor-element elementor-element-89e0d11 elementor-widget elementor-widget-text-editor\" data-id=\"89e0d11\" data-element_type=\"widget\" data-widget_type=\"text-editor.default\">\n\t\t\t\t<div class=\"elementor-widget-container\">\n\t\t\t\t\t\t\t\t<div class=\"elementor-text-editor elementor-clearfix\">\n\t\t\t\t<h3 style=\"text-align: center;\">Mitglied im:<\/h3>\t\t\t\t\t<\/div>\n\t\t\t\t\t\t<\/div>\n\t\t\t\t<\/div>\n\t\t\t\t<div class=\"elementor-element elementor-element-06e8987 elementor-widget elementor-widget-image\" data-id=\"06e8987\" data-element_type=\"widget\" data-widget_type=\"image.default\">\n\t\t\t\t<div class=\"elementor-widget-container\">\n\t\t\t\t\t\t\t\t<div class=\"elementor-image\">\n\t\t\t\t\t\t\t\t\t\t\t\t<img width=\"300\" height=\"300\" src=\"https:\/\/imker-stadt-kassel.de\/wp-content\/uploads\/2021\/08\/cropped-Landesverband_2016-400x400-1-300x300.png\" class=\"attachment-medium size-medium wp-image-3411\" alt=\"\" srcset=\"https:\/\/imker-stadt-kassel.de\/wp-content\/uploads\/2021\/08\/cropped-Landesverband_2016-400x400-1-300x300.png 300w, https:\/\/imker-stadt-kassel.de\/wp-content\/uploads\/2021\/08\/cropped-Landesverband_2016-400x400-1-150x150.png 150w, https:\/\/imker-stadt-kassel.de\/wp-content\/uploads\/2021\/08\/cropped-Landesverband_2016-400x400-1-256x256.png 256w, https:\/\/imker-stadt-kassel.de\/wp-content\/uploads\/2021\/08\/cropped-Landesverband_2016-400x400-1.png 400w\" sizes=\"(max-width: 300px) 100vw, 300px\" \/>\t\t\t\t\t\t\t\t\t\t\t\t\t\t<\/div>\n\t\t\t\t\t\t<\/div>\n\t\t\t\t<\/div>\n\t\t\t\t\t\t<\/div>\n\t\t\t\t\t<\/div>\n\t\t<\/div>\n\t\t\t\t\t\t\t\t<\/div>\n\t\t\t\t\t<\/div>\n\t\t<\/section>\n\t\t\t\t\t\t\t\t\t<\/div>\n\t\t\t<\/div>\n\t\t\t\t\t<\/div>\n\t\t","protected":false},"excerpt":{"rendered":"<p>Der Verein ZWECK DES IMKERVEREINS IST, DIE BIENENHALTUNG ZU F\u00d6RDERN UND ZU VERBREITEN, DAMIT DURCH DIE BEST\u00c4UBUNGST\u00c4TIGKEIT DER HONIGBIENE AN&#8230;<\/p>\n","protected":false},"author":1,"featured_media":0,"parent":0,"menu_order":0,"comment_status":"closed","ping_status":"closed","template":"page-fullwidth.php","meta":[],"_links":{"self":[{"href":"https:\/\/imker-stadt-kassel.de\/index.php?rest_route=\/wp\/v2\/pages\/3369"}],"collection":[{"href":"https:\/\/imker-stadt-kassel.de\/index.php?rest_route=\/wp\/v2\/pages"}],"about":[{"href":"https:\/\/imker-stadt-kassel.de\/index.php?rest_route=\/wp\/v2\/types\/page"}],"author":[{"embeddable":true,"href":"https:\/\/imker-stadt-kassel.de\/index.php?rest_route=\/wp\/v2\/users\/1"}],"replies":[{"embeddable":true,"href":"https:\/\/imker-stadt-kassel.de\/index.php?rest_route=%2Fwp%2Fv2%2Fcomments&post=3369"}],"version-history":[{"count":32,"href":"https:\/\/imker-stadt-kassel.de\/index.php?rest_route=\/wp\/v2\/pages\/3369\/revisions"}],"predecessor-version":[{"id":3463,"href":"https:\/\/imker-stadt-kassel.de\/index.php?rest_route=\/wp\/v2\/pages\/3369\/revisions\/3463"}],"wp:attachment":[{"href":"https:\/\/imker-stadt-kassel.de\/index.php?rest_route=%2Fwp%2Fv2%2Fmedia&parent=3369"}],"curies":[{"name":"wp","href":"https:\/\/api.w.org\/{rel}","templated":true}]}}